{"id":2897,"date":"2020-05-04T11:08:06","date_gmt":"2020-05-04T09:08:06","guid":{"rendered":"http:\/\/campinglaaldea.com.mialias.net\/contacto\/"},"modified":"2024-09-09T14:02:03","modified_gmt":"2024-09-09T12:02:03","slug":"kontakt","status":"publish","type":"page","link":"https:\/\/campinglaaldea.com\/de\/kontakt\/","title":{"rendered":"kontakt"},"content":{"rendered":"","protected":false},"excerpt":{"rendered":"","protected":false},"author":1,"featured_media":0,"parent":0,"menu_order":6,"comment_status":"closed","ping_status":"closed","template":"","meta":{"_acf_changed":false,"om_disable_all_campaigns":false,"footnotes":""},"class_list":["post-2897","page","type-page","status-publish","hentry"],"acf":[],"yoast_head":"<!-- This site is optimized with the Yoast SEO plugin v26.5 - https:\/\/yoast.com\/wordpress\/plugins\/seo\/ -->\n<title>kontakt - Camping La Aldea cerca del Parque Nacional de Do\u00f1ana<\/title>\n<meta name=\"description\" content=\"Kontaktieren Sie Camping La Aldea: Wir sind hier, um Ihre Fragen zu beantworten und Ihnen bei der Planung Ihres Aufenthalts zu helfen.\" \/>\n<meta name=\"robots\" content=\"index, follow, max-snippet:-1, max-image-preview:large, max-video-preview:-1\" \/>\n<link rel=\"canonical\" href=\"https:\/\/campinglaaldea.com\/de\/kontakt\/\" \/>\n<meta property=\"og:locale\" content=\"de_DE\" \/>\n<meta property=\"og:type\" content=\"article\" \/>\n<meta property=\"og:title\" content=\"kontakt - Camping La Aldea cerca del Parque Nacional de Do\u00f1ana\" \/>\n<meta property=\"og:description\" content=\"Kontaktieren Sie Camping La Aldea: Wir sind hier, um Ihre Fragen zu beantworten und Ihnen bei der Planung Ihres Aufenthalts zu helfen.\" \/>\n<meta property=\"og:url\" content=\"https:\/\/campinglaaldea.com\/de\/kontakt\/\" \/>\n<meta property=\"og:site_name\" content=\"Camping La Aldea cerca del Parque Nacional de Do\u00f1ana\" \/>\n<meta property=\"article:modified_time\" content=\"2024-09-09T12:02:03+00:00\" \/>\n<meta name=\"twitter:card\" content=\"summary_large_image\" \/>\n<script type=\"application\/ld+json\" class=\"yoast-schema-graph\">{\"@context\":\"https:\/\/schema.org\",\"@graph\":[{\"@type\":\"WebPage\",\"@id\":\"https:\/\/campinglaaldea.com\/de\/kontakt\/\",\"url\":\"https:\/\/campinglaaldea.com\/de\/kontakt\/\",\"name\":\"kontakt - Camping La Aldea cerca del Parque Nacional de Do\u00f1ana\",\"isPartOf\":{\"@id\":\"https:\/\/campinglaaldea.com\/#website\"},\"datePublished\":\"2020-05-04T09:08:06+00:00\",\"dateModified\":\"2024-09-09T12:02:03+00:00\",\"description\":\"Kontaktieren Sie Camping La Aldea: Wir sind hier, um Ihre Fragen zu beantworten und Ihnen bei der Planung Ihres Aufenthalts zu helfen.\",\"breadcrumb\":{\"@id\":\"https:\/\/campinglaaldea.com\/de\/kontakt\/#breadcrumb\"},\"inLanguage\":\"de\",\"potentialAction\":[{\"@type\":\"ReadAction\",\"target\":[\"https:\/\/campinglaaldea.com\/de\/kontakt\/\"]}]},{\"@type\":\"BreadcrumbList\",\"@id\":\"https:\/\/campinglaaldea.com\/de\/kontakt\/#breadcrumb\",\"itemListElement\":[{\"@type\":\"ListItem\",\"position\":1,\"name\":\"Bienvenido\",\"item\":\"https:\/\/campinglaaldea.com\/de\/\"},{\"@type\":\"ListItem\",\"position\":2,\"name\":\"kontakt\"}]},{\"@type\":\"WebSite\",\"@id\":\"https:\/\/campinglaaldea.com\/#website\",\"url\":\"https:\/\/campinglaaldea.com\/\",\"name\":\"Camping La Aldea cerca del Parque Nacional de Do\u00f1ana\",\"description\":\"Camping situado en la Aldea del Roc\u00edo, a las puertas del Parque Nacional de Do\u00f1ana y a 12 minutos de la playa de Matalasca\u00f1as.\",\"publisher\":{\"@id\":\"https:\/\/campinglaaldea.com\/#organization\"},\"potentialAction\":[{\"@type\":\"SearchAction\",\"target\":{\"@type\":\"EntryPoint\",\"urlTemplate\":\"https:\/\/campinglaaldea.com\/?s={search_term_string}\"},\"query-input\":{\"@type\":\"PropertyValueSpecification\",\"valueRequired\":true,\"valueName\":\"search_term_string\"}}],\"inLanguage\":\"de\"},{\"@type\":\"Organization\",\"@id\":\"https:\/\/campinglaaldea.com\/#organization\",\"name\":\"Camping La Aldea cerca del Parque Nacional de Do\u00f1ana\",\"url\":\"https:\/\/campinglaaldea.com\/\",\"logo\":{\"@type\":\"ImageObject\",\"inLanguage\":\"de\",\"@id\":\"https:\/\/campinglaaldea.com\/#\/schema\/logo\/image\/\",\"url\":\"https:\/\/campinglaaldea.com\/wp-content\/uploads\/2020\/06\/cropped-logo-laaldea.png\",\"contentUrl\":\"https:\/\/campinglaaldea.com\/wp-content\/uploads\/2020\/06\/cropped-logo-laaldea.png\",\"width\":290,\"height\":128,\"caption\":\"Camping La Aldea cerca del Parque Nacional de Do\u00f1ana\"},\"image\":{\"@id\":\"https:\/\/campinglaaldea.com\/#\/schema\/logo\/image\/\"}}]}<\/script>\n<!-- \/ Yoast SEO plugin. -->","yoast_head_json":{"title":"kontakt - Camping La Aldea cerca del Parque Nacional de Do\u00f1ana","description":"Kontaktieren Sie Camping La Aldea: Wir sind hier, um Ihre Fragen zu beantworten und Ihnen bei der Planung Ihres Aufenthalts zu helfen.","robots":{"index":"index","follow":"follow","max-snippet":"max-snippet:-1","max-image-preview":"max-image-preview:large","max-video-preview":"max-video-preview:-1"},"canonical":"https:\/\/campinglaaldea.com\/de\/kontakt\/","og_locale":"de_DE","og_type":"article","og_title":"kontakt - Camping La Aldea cerca del Parque Nacional de Do\u00f1ana","og_description":"Kontaktieren Sie Camping La Aldea: Wir sind hier, um Ihre Fragen zu beantworten und Ihnen bei der Planung Ihres Aufenthalts zu helfen.","og_url":"https:\/\/campinglaaldea.com\/de\/kontakt\/","og_site_name":"Camping La Aldea cerca del Parque Nacional de Do\u00f1ana","article_modified_time":"2024-09-09T12:02:03+00:00","twitter_card":"summary_large_image","schema":{"@context":"https:\/\/schema.org","@graph":[{"@type":"WebPage","@id":"https:\/\/campinglaaldea.com\/de\/kontakt\/","url":"https:\/\/campinglaaldea.com\/de\/kontakt\/","name":"kontakt - Camping La Aldea cerca del Parque Nacional de Do\u00f1ana","isPartOf":{"@id":"https:\/\/campinglaaldea.com\/#website"},"datePublished":"2020-05-04T09:08:06+00:00","dateModified":"2024-09-09T12:02:03+00:00","description":"Kontaktieren Sie Camping La Aldea: Wir sind hier, um Ihre Fragen zu beantworten und Ihnen bei der Planung Ihres Aufenthalts zu helfen.","breadcrumb":{"@id":"https:\/\/campinglaaldea.com\/de\/kontakt\/#breadcrumb"},"inLanguage":"de","potentialAction":[{"@type":"ReadAction","target":["https:\/\/campinglaaldea.com\/de\/kontakt\/"]}]},{"@type":"BreadcrumbList","@id":"https:\/\/campinglaaldea.com\/de\/kontakt\/#breadcrumb","itemListElement":[{"@type":"ListItem","position":1,"name":"Bienvenido","item":"https:\/\/campinglaaldea.com\/de\/"},{"@type":"ListItem","position":2,"name":"kontakt"}]},{"@type":"WebSite","@id":"https:\/\/campinglaaldea.com\/#website","url":"https:\/\/campinglaaldea.com\/","name":"Camping La Aldea cerca del Parque Nacional de Do\u00f1ana","description":"Camping situado en la Aldea del Roc\u00edo, a las puertas del Parque Nacional de Do\u00f1ana y a 12 minutos de la playa de Matalasca\u00f1as.","publisher":{"@id":"https:\/\/campinglaaldea.com\/#organization"},"potentialAction":[{"@type":"SearchAction","target":{"@type":"EntryPoint","urlTemplate":"https:\/\/campinglaaldea.com\/?s={search_term_string}"},"query-input":{"@type":"PropertyValueSpecification","valueRequired":true,"valueName":"search_term_string"}}],"inLanguage":"de"},{"@type":"Organization","@id":"https:\/\/campinglaaldea.com\/#organization","name":"Camping La Aldea cerca del Parque Nacional de Do\u00f1ana","url":"https:\/\/campinglaaldea.com\/","logo":{"@type":"ImageObject","inLanguage":"de","@id":"https:\/\/campinglaaldea.com\/#\/schema\/logo\/image\/","url":"https:\/\/campinglaaldea.com\/wp-content\/uploads\/2020\/06\/cropped-logo-laaldea.png","contentUrl":"https:\/\/campinglaaldea.com\/wp-content\/uploads\/2020\/06\/cropped-logo-laaldea.png","width":290,"height":128,"caption":"Camping La Aldea cerca del Parque Nacional de Do\u00f1ana"},"image":{"@id":"https:\/\/campinglaaldea.com\/#\/schema\/logo\/image\/"}}]}},"_links":{"self":[{"href":"https:\/\/campinglaaldea.com\/de\/wp-json\/wp\/v2\/pages\/2897","targetHints":{"allow":["GET"]}}],"collection":[{"href":"https:\/\/campinglaaldea.com\/de\/wp-json\/wp\/v2\/pages"}],"about":[{"href":"https:\/\/campinglaaldea.com\/de\/wp-json\/wp\/v2\/types\/page"}],"author":[{"embeddable":true,"href":"https:\/\/campinglaaldea.com\/de\/wp-json\/wp\/v2\/users\/1"}],"replies":[{"embeddable":true,"href":"https:\/\/campinglaaldea.com\/de\/wp-json\/wp\/v2\/comments?post=2897"}],"version-history":[{"count":5,"href":"https:\/\/campinglaaldea.com\/de\/wp-json\/wp\/v2\/pages\/2897\/revisions"}],"predecessor-version":[{"id":3270,"href":"https:\/\/campinglaaldea.com\/de\/wp-json\/wp\/v2\/pages\/2897\/revisions\/3270"}],"wp:attachment":[{"href":"https:\/\/campinglaaldea.com\/de\/wp-json\/wp\/v2\/media?parent=2897"}],"curies":[{"name":"wp","href":"https:\/\/api.w.org\/{rel}","templated":true}]}}

<!-- This site is optimized with the Yoast SEO plugin v26.5 - https://yoast.com/wordpress/plugins/seo/ -->
<title>kontakt - Camping La Aldea cerca del Parque Nacional de Doñana</title>
<meta name="description" content="Kontaktieren Sie Camping La Aldea: Wir sind hier, um Ihre Fragen zu beantworten und Ihnen bei der Planung Ihres Aufenthalts zu helfen." />
<meta name="robots" content="index, follow, max-snippet:-1, max-image-preview:large, max-video-preview:-1" />
<link rel="canonical" href="https://campinglaaldea.com/de/kontakt/" />
<meta property="og:locale" content="de_DE" />
<meta property="og:type" content="article" />
<meta property="og:title" content="kontakt - Camping La Aldea cerca del Parque Nacional de Doñana" />
<meta property="og:description" content="Kontaktieren Sie Camping La Aldea: Wir sind hier, um Ihre Fragen zu beantworten und Ihnen bei der Planung Ihres Aufenthalts zu helfen." />
<meta property="og:url" content="https://campinglaaldea.com/de/kontakt/" />
<meta property="og:site_name" content="Camping La Aldea cerca del Parque Nacional de Doñana" />
<meta property="article:modified_time" content="2024-09-09T12:02:03+00:00" />
<meta name="twitter:card" content="summary_large_image" />
<script type="application/ld+json" class="yoast-schema-graph">{"@context":"https://schema.org","@graph":[{"@type":"WebPage","@id":"https://campinglaaldea.com/de/kontakt/","url":"https://campinglaaldea.com/de/kontakt/","name":"kontakt - Camping La Aldea cerca del Parque Nacional de Doñana","isPartOf":{"@id":"https://campinglaaldea.com/#website"},"datePublished":"2020-05-04T09:08:06+00:00","dateModified":"2024-09-09T12:02:03+00:00","description":"Kontaktieren Sie Camping La Aldea: Wir sind hier, um Ihre Fragen zu beantworten und Ihnen bei der Planung Ihres Aufenthalts zu helfen.","breadcrumb":{"@id":"https://campinglaaldea.com/de/kontakt/#breadcrumb"},"inLanguage":"de","potentialAction":[{"@type":"ReadAction","target":["https://campinglaaldea.com/de/kontakt/"]}]},{"@type":"BreadcrumbList","@id":"https://campinglaaldea.com/de/kontakt/#breadcrumb","itemListElement":[{"@type":"ListItem","position":1,"name":"Bienvenido","item":"https://campinglaaldea.com/de/"},{"@type":"ListItem","position":2,"name":"kontakt"}]},{"@type":"WebSite","@id":"https://campinglaaldea.com/#website","url":"https://campinglaaldea.com/","name":"Camping La Aldea cerca del Parque Nacional de Doñana","description":"Camping situado en la Aldea del Rocío, a las puertas del Parque Nacional de Doñana y a 12 minutos de la playa de Matalascañas.","publisher":{"@id":"https://campinglaaldea.com/#organization"},"potentialAction":[{"@type":"SearchAction","target":{"@type":"EntryPoint","urlTemplate":"https://campinglaaldea.com/?s={search_term_string}"},"query-input":{"@type":"PropertyValueSpecification","valueRequired":true,"valueName":"search_term_string"}}],"inLanguage":"de"},{"@type":"Organization","@id":"https://campinglaaldea.com/#organization","name":"Camping La Aldea cerca del Parque Nacional de Doñana","url":"https://campinglaaldea.com/","logo":{"@type":"ImageObject","inLanguage":"de","@id":"https://campinglaaldea.com/#/schema/logo/image/","url":"https://campinglaaldea.com/wp-content/uploads/2020/06/cropped-logo-laaldea.png","contentUrl":"https://campinglaaldea.com/wp-content/uploads/2020/06/cropped-logo-laaldea.png","width":290,"height":128,"caption":"Camping La Aldea cerca del Parque Nacional de Doñana"},"image":{"@id":"https://campinglaaldea.com/#/schema/logo/image/"}}]}</script>
<!-- / Yoast SEO plugin. -->

kontakt - Camping La Aldea cerca del Parque Nacional de Doñana

Camping La Aldea cerca del Parque Nacional de Doñana

Camping situado en la Aldea del Rocío, a las puertas del Parque Nacional de Doñana y a 12 minutos de la playa de Matalascañas.
